 3) - 0.
-4
Evaluate -4 + (-2 - (1 - 4)).
-3
Evaluate 13 - (-2 - (3 - 6) - -5).
7
Evaluate (-1 - (4 + -3)) + 7 + -1.
4
Calculate -1 - (0 + -3 + (5 - -6)).
-9
Evaluate -1 + 4 + (1 - 5).
-1
Calculate 4 + -1 + 6 + -6.
3
1 + -5 - (-72 + 66)
2
Evaluate 0 + 0 - (3 - -2).
-5
What is 25 - (15 + -5) - 8?
7
Calculate (-3 - -3) + 0 + -2 + 0.
-2
-1 - (3 + -5 - (1 - -2))
4
What is the value of (3 + -3 - -1) + -1 - 3?
-3
What is 5 + (-4 - (-3 + 9))?
-5
Evaluate -3 - (1 - (3 + (14 - 8))).
5
2 + 0 - (2 + 2)
-2
Calculate 0 + (2 - -1) + -1.
2
Calculate -7 - (2 + -4 - -4) - -6.
-3
Calculate -3 + 14 + -7 - 5.
-1
What is the value of (-5 - -3) + -7 + 4 + -3?
-8
What is the value of -12 + 15 + (5 + -4 - 12)?
-8
What is (1 - (-13 - -9)) + (-1 - 1)?
3
Calculate (-13 - -19) + -1 + -3.
2
2 + (-11 - -11) + 0
2
What is the value of -3 + -1 + 7 + (-5 - -3)?
1
4 - (6 - (3 + -7)) - -15
9
Calculate 7 - 4 - (2 - (-3 + 1)).
-1
(8 + -10 - 12) + 7
-7
What is -5 + (2 - (-7 + 2 + -1))?
3
What is (-4 - -2 - -5) + (-1 - -2)?
4
Calculate -5 - (4 + -6) - -6.
3
3 - (-1 + (-4 - -4))
4
What is the value of 6 - (3 - 2 - (2 + -4))?
3
Evaluate (3 - 5) + 1 + -4.
-5
What is 6 + (-8 + 16 - 14)?
0
-5 + 5 + -4 + 6
2
What is the value of 1 - 2 - 1 - (242 + -235)?
-9
(-45 - -50) + -4 + 1
2
Calculate (6 - 2) + -9 - 0.
-5
3 + -7 - (-2 - -1)
-3
What is the value of 15 - (-1 + 10 + -2)?
8
Evaluate -1 - 2 - (-11 + 5).
3
What is the value of 9 - (6 + 5 - 4)?
2
What is 7 + (-5 - (-2 - 0))?
4
What is the value of 5 - ((-4 - -2) + 2 + 6)?
-1
What is 1 + (4 - 9) + 5 - -5?
6
-5 - (10 + (-7 - 3))
-5
What is the value of -6 + 2 + 8 + -2?
2
What is 0 + 2 + (52 - 53)?
1
Evaluate 3 - (0 + 7) - 1.
-5
What is 0 + (2 - -3) - 0?
5
Evaluate 13 + -14 - ((2 - 3) + 1).
-1
(-6 - (0 - -3)) + (10 - 10)
-9
Calculate -8 + (14 - 8) - (0 - 1).
-1
What is the value of 0 + -2 + -3 + 2 + 6?
3
What is the value of -3 + 10 + 2 + -12 + -6?
-9
14 + -4 - (-10 - -13)
7
2 - (-7 + -3 + 8)
4
(-9 - -13) + -3 + -1 + -2
-2
What is the value of -4 + 2 + 0 + (9 - 4)?
3
What is the value of 4 - (-1 - 2 - -1 - -3)?
3
What is the value of 7 + 1 + 43 + -41?
10
11 - ((-8 - 0) + 18)
1
Calculate (-8 - -13) + -9 - 0.
-4
Evaluate (-3 - 1) + 1 + 0.
-3
(6 - 2) + 4 - 4
4
What is (-1 + 4 - (-1 + 6)) + 5?
3
Evaluate (6 + 1 - (27 - 20)) + -7.
-7
Calculate -4 + -8 + 12 + -7.
-7
Evaluate 3 + (-2 - (3 - 4 - -3)).
-1
Evaluate -13 + 3 + 6 + 12.
8
(39 - 40) + (2 - 0) + -1
0
What is (3 - 0 - 3) + 1 + -3?
-2
Calculate 3 + -4 + -21 + 13.
-9
-11 + 1 + (-2 - (0 + -4))
-8
-6 + (9 - -2) - 3
2
What is the value of (0 - 4) + 3 + (-13 - -18)?
4
Calculate 3 + -4 + 9 + -6 - -4.
6
-6 + (6 - 2 - -5) - 12
-9
-13 + -8 + (-7 - -20)
-8
Evaluate (-3 - (-18 + 4 + 4)) + -6.
1
Calculate -22 - -19 - (-6 - (1 + -2)).
2
What is (1 - 2) + 0 - -6?
5
What is (0 - -4) + (-11 - -2)?
-5
27 + -14 - (1 + 7)
5
What is the value of -1 - (2 - (-3 - (-2 + -7)))?
3
What is the value of -6 + (0 - (-2 - (3 - 5)))?
-6
What is (5 + -4 + 4 - 6) + -7?
-8
Calculate -6 - 2 - (10 + (-28 - -11)).
-1
What is -5 + 1 + -5 + 2 - -3?
-4
Calculate -10 + 2 - (50 - 66).
8
Calculate 3 + -5 - -5 - -1.
4
What is the value of 15 - 18 - (-4 - 1)?
2
What is ((-2 - 2) + -5 - -3) + 7?
1
0 - (-3 - 2 - -10)
-5
What is 2 - (8 - -2 - 4)?
-4
6 + (0 - (-2 - -7))
1
What is the value of (2 - (0 + -3 - 1)) + -3?
3
0 + 1 - 10 - (19 + -23)
-5
What is 2 - (3 + 7 - 7)?
-1
7 - (2 + 5 + (-6 - -4))
2
-7 - (-4 + 3 + -2)
-4
What is -3 - -1 - (-6 + 0 + 3)?
1
Evaluate (2 - (-4 + 1)) + (0 - 5).
0
Evaluate -2 - (-2 + -5 + 5 + 6).
-6
Calculate (3 - (-1 + 1)) + (-6 - 0).
-3
What is (-2 - (3 + -1)) + 113 + -111?
-2
(1 - -6) + (-5 - 0)
2
Calculate (-4 - -1) + (1 + 3 - -1).
2
What is 4 - 0 - 8 - 0?
-4
Evaluate -1 + (4 - -2) + 0.
5
-8 + (4 - (-8 - (1 - 16)))
-11
What is the value of 23 + -26 + (-2 - -11)?
6
Calculate 3 + -1 + 1 - -1.
4
Evaluate -4 + -6 + 11 + -8.
-7
3 + -2 + (-21 - -11)
-9
-7 + (5 - (-3 + 6 - 0))
-5
What is 1 + -1 - (-8 + 3 + 4)?
1
Calculate -7 + 17 + (-1 - 4).
5
What is the value of -6 - -2 - (-3 + -6)?
5
What is the value of 2 + -9 + 3 + (-11 - -15)?
0
Calculate -5 + -3 + (7 - (-6 - -2)).
3
What is -1 + 7 + -5 - 0?
1
Evaluate -2 - (3 - (-4 - -3)) - -13.
7
Calculate -1 - -2 - (1 + 0).
0
-5 + (0 - (-19 + 14))
0
Calculate -5 - (-3 + (-2 - (-1 - -3))).
2
What is -2 + (-3 - 1) + (5 - 6)?
-7
What is the value of (-7 - -8) + (-1 + -2 - 3)?
-5
What is 1 + 19 + -9 + -2 + 2?
11
What is -10 + 2 - (-15 + 14)?
-7
-6 - (-4 - (-4 - (-9 - -6)))
-3
What is (-32 - -10) + 10 - -11?
-1
What is the value of 9 + -3 + -3 + -1?
2
Evaluate -5 + -5 + 6 + 8.
4
Calculate -2 - (-1 + 3 + -4).
0
What is the value of (-1 - (7 + 0)) + 8 + -3?
-3
What is the value of 3 + -2 - (0 - -4 - 5)?
2
Evaluate 4 - 2 - (17 - 14).
-1
What is the value of 0 - -1 - (-17 + 15)?
3
What is the value of -3 - (0 - (9 - -1))?
7
Evaluate 5 + -6 + 5 + 0.
4
What is 13 - (4 - (2 - 10))?
1
What is 2 - -7 - 15 - -8?
2
What is 6 + (-1 - (-6 + 6)) - 8?
-3
What is -6 - -2 - (12 + -12)?
-4
-1 - -3 - (56 - 52)
-2
What is -2 - (0 + -1 + 0)?
-1
What is 6 + -5 - (3 + 0 - -2)?
-4
What is the value of 0 + 6 - (22 - 17)?
1
Evaluate (0 - 0) + 192 + -190.
2
4 - (-8 + 13 + -4)
3
Evaluate -1 + 8 + -9 - 2.
-4
Evaluate 5 - (-1 + -3 + -1 + 5).
5
What is 9 + -7 - (-6 + 4) - 5?
-1
What is the value of 10 + (10 - 23) - 1?
-4
What is -1 - (-1 + 4 - 1)?
-3
What is 4 - 3 - (-8 - -4)?
5
What is the value of 9 - 0 - (25 - 17)?
1
-3 + 9 + 0 + 2 + -4
4
8 - (7 - 11) - 3 - 3
6
Evaluate (4 - (9 + 0)) + 4.
-1
What is -8 - (-3 + (4 - 4))?
-5
Calculate (-1 - -4) + -7 + 0 + 4.
0
Calculate 2 - (2 + (2 - 1) + -4).
3
What is the value of -2 + 1 + -5 + 5 + -1?
-2
12 + -6 - 5 - (0 - 1)
2
4 + (9 - 2) + (1 - 2)
10
Evaluate -7 - (1 + -1 + -3).
-4
Evaluate 16 + -5 + -1 + -1.
9
-8 + 12 + (0 - (12 - 0))
-8
What is -2 + 5 + 0 - (5 + -1)?
-1
Evaluate (0 - (3 - 3)) + -2 + -2.
-4
Calculate -10 + 2 - (0 + -3).
-5
Calculate -3 - 0 - (8 + -7) - 4.
-8
(1 - 1) + -6 + 8
2
Evaluate 8 - (6 - 3) - 1.
4
4 + (-3 - -6) - 6 - 5
-4
What is the value of 0 + (-2 - -7 - 1)?
4
-5 + 3 - 3 - -6
1
What is the value of -1 + 2 + -7 + 11?
5
What is the value of 6 + -10 + 6 + 0 + 2?
4
What is the value of 0 + (-3 - 2) + 2?
-3
-1 + (1 - (0 - -3))
-3
(14 - 11) + 1 + 0 + 0
4
0 - (2 - (-3 + 6 + -1))
0
Calculate -10 - -7 - (0 - -1 - 6).
2
What is the value of 4 + ((2 - 1) + 1 - 1)?
5
(1 + -1 - -1) + (-5 - -4)
0
What is the value of 5 + (5 + -4 - 8) + 3?
1
Calculate -5 + -7 - (-1 + -4) - -10.
3
Evaluate 3 + 1 + (-8 + -2 - -3).
-3
Calculate 3 - (-1 + 0) - (2 + -3).
5
Evaluate -1 - -9 - (-17 + 20 + -2).
7
Evaluate 42 - 44 - (-1 - 8).
7
Evaluate (-3 + 8 - -1) + -3.
3
0 - -1 - (10 + (4 - 8))
-5
Evaluate -2 + -2 + 6 + -4 + 3.
1
Evaluate 4 - (9 + 5 - 6).
-4
Evaluate 6 + -4 - 6 - (-1 - 4).
1
What is (6 + -2 - (6 + -2)) + 3?
3
Evaluate (-5 + 6 - -6) + (-5 - -1).
3
What is the value of -6 - (-2 + -2 + 2)?
-4
What is the value of -4 - (-6 + (0 - -2))?
0
(-1 + -1 - -2) + -2 + -2
-4
Calculate 1 + -4 - (2 + -4 - -3).
-4
What is the value of 2 - (1 + 2 + 2)?
-3
-1 - 1 - (0 - 0)
-2
Calculate -4 + (16 - (1 + 10)).
1
What is 3 + 0 + 0 - 2 - -1?
2
Evaluate 2 + -1 + (-36 - -32).
-3
What is -3 - (-19 - -8) - 7?
1
Calculate (0 - (0 + 1) - 0) + -2.
-3
5 + -3 + 3 - (2 - -8)
-5
Evaluate 12 + (8 - 4) + -16.
0
What is 7 + (-3 + 3 - 4)?
3
Calculate (-9 - -3) + 2 + (1 - -2).
-1
9 + 5 + -2 + -5
7
Calculate (-4 - -1) + (35 - 33).
-1
Evaluate 1 - (-2 - 7 - -3 - -4).
3
Evaluate (-4 - (4 - 8)) + 1 + 3.
4
What is -11 + (7 - -4) + 0?
0
What is -1 + -2 + 10 + -2?
5
Evaluate 3 - 2 - (-1 - -4 - 4).
2
What is (-1 + 1 - -2) + 2 + -5?
-1
What is (-7 - 1) + (4 - 23 - -20)?
-7
Calculate 7 + -5 + -1 + 3 + -5.
-1
Calculate 10 + -1 + (1 - 8).
2
Evaluate 11 + (-23 + 8 - -7).
3
6 + 1 + -18 - -6
-5
1 + (-1 - -1 - (-5 - -1))
5
6 - (8 + 1 + -8)
5
Calculate -11 + 0 - -8 - (1 + -1).
-3
Evaluate -3 + (-5 - -1 - (-46 - -37)).
2
What is the value of -9 - -3 - (-5 + 6 - 1)?
-6
Evaluate -1 + 3 + (-3 - (-3 + 0)).
2
Calculate -2 - ((-7 - -2) + 1 + 1).
1
4 + -1 + (8 - (27 + -16))
0
Evaluate 12 + (5 - 18) - (8 - 1).
-8
What is -1 - (-5 + 3 + -1 - 1)?
3
Calculate -9 - (10 + -8 + -4).
-7
-2 - (5 - -3 - 4)
-6
-3 - (3 - 1) - (-12 + 8)
-1
Calculate (-2 - -2 - 2) + (-16 - -17).
-1
Calculate 7 - (4 - -3) - (-1 - -1).
0
-1 - (1 - -5 - (73